et o(g) = 0*g + 3*g - 80 + 5*g**3 + 22*g**3 + 2*g**2 + 82. Calculate o(-1).
-26
Let d(p) be the second derivative of -1/6*p**3 - 2*p**2 - 1/6*p**4 + 14*p + 3 + 1/20*p**5. Suppose 9*f - 42 + 15 = 0. Give d(f).
2
Let w(d) = d**2 - 85*d + 1507. Let k be w(60). Let x(g) = -2*g**2 + 11*g - 5. What is x(k)?
-26
Let w(f) = f**3 - 9*f**2 + 9*f + 5. Let q(m) = 2*m**2 - 3*m - 3. Let s be q(-4). Suppose s*t = 35*t + 42. Determine w(t).
-30
Let l(z) = -7*z**3 + 13*z**2 + 12*z + 166. Let i(u) = u**3 - 2*u**2 - 2*u - 26. Let v(j) = 13*i(j) + 2*l(j). Give v(-3).
27
Let m(o) be the third derivative of -o**5/120 - o**4/8 + 11*o**3/6 - 14*o**2. Let i(r) be the first derivative of m(r). Let k = -30 + 34. Determine i(k).
-7
Let f(k) = -15*k + 6. Let w(i) = 1. Let y(a) = -f(a) + 3*w(a). Let t(g) = 29*g - 8. Let v(p) = -2*t(p) + 5*y(p). Give v(1).
18
Suppose 2*g = 2, 0 = 4*s + 3*g - 2*g + 31. Let y(q) = -17*q - 394. Let w(k) = -6*k - 140. Let f(v) = -14*w(v) + 5*y(v). Determine f(s).
-2
Let v(b) = b**2 - 2*b - 8. Let r(f) = 11*f - 8. Let u be r(8). Let z = u - 80. Let c be -2 + 7 + (z - -1). What is v(c)?
16
Let z(v) = 5*v - 2. Let m = 11661 - 11657. Give z(m).
18
Suppose a - 5*y - 47 + 3 = 0, 5*a - 130 = -5*y. Let p(g) = -g**2 + 30*g - 38. What is p(a)?
-9
Let m(u) = 1002*u + 439. Let d(y) = -1761*y - 879. Let t(g) = -4*d(g) - 7*m(g). Calculate t(-15).
-7
Suppose -5*c = 3*r + 20, -14*c - 8 = -12*c + r. Let k(s) = -3*s**3 - 13*s**2 + 5*s + 20. Calculate k(c).
-16
Let m(h) = -4*h**2 + 30*h + 147. Let q be m(11). Let x(r) = r**2 - 4*r - 64. Give x(q).
13
Let m be 1053/(-156) - (-6)/(-24). Let z(s) = -s**3 - 12*s**2 - 36*s - 3. Calculate z(m).
4
Let k(q) = 49 + 4*q - 17 - 26. Let v(a) = -2*a - 55. Let l be v(-23). Calculate k(l).
-30
Let v = 82 + -77. Suppose -q + 6*q - 36 = 2*s, -v*s - 56 = -4*q. Let z(u) = u**3 + 8*u**2 - u + 3. What is z(s)?
11
Suppose -7*a = 50*a - 6*a + 153. Let s(n) = 6*n + 18. What is s(a)?
0
Let q = -3923 + 3927. Let n(i) be the first derivative of -9/2*i**2 - 1/3*i**3 + 33 + q*i. Give n(-9).
4
Let t(l) = -22*l**2 - 2*l + 1. Let a(u) = -8 + 49*u**2 - 11 + 6*u - 2 + 13*u**2 + 19. Let d(n) = 5*a(n) + 14*t(n). Determine d(-3).
16
Let h be 47/(-7) + (1 - (-27)/(-21)). Let r = h - -13. Let n(s) = 11 + 13 - 31 - 3*s + r. Determine n(2).
-7
Let n(l) = 6*l + 37 + 15*l + 2*l + 15288*l**2 - 15286*l**2. Give n(-10).
7
Let w(u) be the first derivative of u**3 + u**2/2 - 3*u - 8594. Let n be (15/10)/(2/(-4)). Let i be -2 + 3 + n - 1. What is w(i)?
21
Let q(m) = -3*m**2 - 5*m + 3. Let d = -3651 + 3648. What is q(d)?
-9
Let j(k) = -21*k + 1. Let d(w) = 58*w - 4. Let f(p) = -4*d(p) - 11*j(p). Suppose 6 + 6 = -g. Let l(i) = i**2 + 11*i - 16. Let y be l(g). Calculate f(y).
9
Let g(a) be the second derivative of 11*a**3/3 - 22*a**2 + 4467*a. What is g(4)?
44
Let c(g) be the first derivative of g**4/12 - g**3/3 - g**2/2 + 81*g - 47. Let x(v) be the first derivative of c(v). Determine x(4).
7
Let w(n) be the first derivative of n**2/2 + 4*n + 3. Let o(x) = 9*x + 87. Let v be o(-7). Suppose -2*h = -v + 30. Give w(h).
1
Let h be (0 + (-36)/(-2))*(73 - 75). Let c be ((-95)/(-38))/(15/h). Let x(v) = v**2 + 9*v + 7. Calculate x(c).
-11
Let j(r) = -r**2 - 10*r - 10. Let f(a) = a**3 - 4*a**2 - 4*a - 6. Let w be f(5). Let k(d) = -d - 1. Let o(x) = w*j(x) + k(x). Give o(-8).
1
Let p be (5 + 62/(-8))/(1/(-4)). Let t = 25 - p. Suppose -y = y - t. Let u(f) = -f**2 + 8*f. Determine u(y).
7
Let b be (-2*(-35)/30)/(7/21). Let c(j) = 8 + b - 8 + 5*j. What is c(-6)?
-23
Let h(p) be the third derivative of -p**6/120 + p**5/30 + p**4/8 - p**3/2 + 159*p**2. Let f be ((-26)/(-4))/((-3)/6). Let u = -11 - f. Determine h(u).
3
Let h be (3 - 1)*171/(-114). Let w(y) = 3*y**2 + 8*y + 3. Give w(h).
6
Let i(o) be the third derivative of -o**6/60 - 13*o**5/60 - o**4/6 + 5*o**3/3 - 933*o**2. Determine i(-6).
-2
Let z(v) be the third derivative of -v**8/6720 - v**7/420 - v**6/90 - v**5/24 - 55*v**4/8 - 21*v**2. Let s(r) be the second derivative of z(r). What is s(-5)?
10
Let g(i) be the second derivative of -i**4/12 - 17*i**3/3 - 197*i**2/2 + 6379*i. Determine g(-27).
-8
Let k be 2 + (-34)/6 - (-4)/6. Let x(q) = -q**2 - 2*q. Let a(m) = 6*m**2 + 6*m - 3. Let t(p) = k*x(p) - a(p). Give t(-3).
-24
Let y(u) = -u - 5. Let c = 262 - 105. Let p = -149 + c. Determine y(p).
-13
Let f(j) = 4*j. Suppose -b - 4 + 2 = 0. Let g = b + -17. Let o = g - -16. Give f(o).
-12
Let j(q) = -2*q**2 - 3*q - 1. Let l = 351 + -1103. Let s be l/(-184) - 2/23. Give j(s).
-45
Let g(r) be the third derivative of r**6/120 - r**5/10 + r**4/6 + 5*r**3/6 - r**2. Let d(k) = 2*k + 43. Let y be d(-21). Let p be 2*(y/4)/(4/40). Give g(p).
0
Let c(w) be the second derivative of w**3/2 + 7*w**2/2 - 3656*w. What is c(-8)?
-17
Let x = -1753 + 1745. Let n(v) = 2*v**2 + 16*v - 11. Let f(p) = 0*p**2 + 0 + 10 - 3*p**2 - 24*p + 7. Let d(a) = -5*f(a) - 7*n(a). Determine d(x).
-8
Let q(u) be the third derivative of 0*u + 1/60*u**5 - 8*u**2 + 0 + 2/3*u**3 + 7/24*u**4. Suppose 16 = -2*z + 4. Calculate q(z).
-2
Let x(c) be the second derivative of -c**4/12 + c**3/6 - 240*c. Let v(j) = j**3 + 24*j**2 - 28*j - 78. Let a be v(-25). Determine x(a).
-12
Suppose -2*m = -8*m - 204. Let t = 40 + m. Suppose t*i = i + 4*g - 18, 0 = -2*i + 4*g - 12. Let a(p) = -2*p**3 + 2*p - 1. Give a(i).
11
Let j(m) be the second derivative of -m**5/20 + 13*m**4/12 + 3*m**3 - 15*m**2 - 117*m + 9. Give j(14).
26
Let c(m) = -2*m - 3. Let w(g) = -22*g + 38. Let z be ((-20)/4)/(20/(-8)). Let y be w(z). Give c(y).
9
Let b(k) = -14*k**2 + 11*k + 8. Let n(t) = 3*t**2 + t + 1. Let m(j) = b(j) + 4*n(j). What is m(9)?
-15
Let t(w) = 31*w + 35. Let j be 4/(-14) + (12/56)/((-42)/728). What is t(j)?
-89
Let u(i) = -3*i**3 - 90*i**2 - 12*i + 3. Let y(v) = -v**3 - 32*v**2 - 4*v. Let m(d) = 4*u(d) - 11*y(d). Calculate m(-7).
-9
Let j = -80 - -189. Let w(z) = 0*z - z - 120 + j. Let a be w(-6). Let c(r) = -r**2 - 7*r - 3. Give c(a).
7
Let y = 262 - 259. Let a(s) = 19*s**3 - 3*s**2 - 2*s - 3. Let u(h) = 38*h**3 - 7*h**2 - 5*h - 7. Let w(r) = y*u(r) - 7*a(r). What is w(-1)?
20
Let g(w) be the first derivative of w**4/4 + 22*w**3/3 + 21*w**2/2 + 2*w + 929. Give g(-21).
2
Let t(s) = s**2 + 4*s - 2. Suppose p - 3 = v, -p + 3 = -2*v + 4. Let x(a) = 2*a + p - 6 - 4 - a**2. Let i be x(0). Give t(i).
-5
Let c be (-36)/(-8)*400/24. Let f(a) = -a**2 + 0*a**2 + 84*a - 10 - c*a. Let t(y) = -y**2 + 8*y. Let u be t(7). Determine f(u).
4
Let q = 77 - 67. Suppose 7*n - 65 = 2*n. Let s = n - q. Let m(k) = k + 1. What is m(s)?
4
Suppose 2*d + 4*h - 6 = -h, 2*h = 0. Let f(p) = -1984*p**2 + 1000*p**2 + 3 - 1 + 988*p**2 - p - p**3 - 3. Determine f(d).
5
Let w(n) be the first derivative of 127 + 8*n + 7/3*n**3 + 7/2*n**2 + 1/4*n**4. What is w(-6)?
2
Suppose 5 + 3 = -4*h. Let n(r) = 14*r + 5. Let g(u) = 9*u + 7. Let b(w) = 36*w + 27. Let c(s) = 4*b(s) - 15*g(s). Let x(a) = -8*c(a) + 5*n(a). Give x(h).
5
Let n(l) = 8*l**2 + 2*l + 8. Let d(g) = 29*g**2 - 324*g + 53. Let y be d(11). What is n(y)?
36
Let s(i) = i**2 + 5*i + 1. Suppose 4*d - 245 = 5*r - 1175, 4*r = -d - 222. Let m = d + 226. What is s(m)?
-3
Let z(l) = l + 3. Suppose 81 = -5*m - c - 339, 0 = m - 4*c + 84. Let b be ((-8)/7)/(24/m). What is z(b)?
7
Let y(s) be the second derivative of -s**5/20 - s**4 + 5*s**3/2 + 18*s**2 + 898*s + 2. What is y(-13)?
10
Let r be (8/6)/(60/90). Let d(o) = -4*o - 3*o + 2*o - r*o + o**3 - 5*o**2. Give d(6).
-6
Let p(y) = 3*y**3 + 2*y - 1. Let x(a) = 14*a**3 - 2*a**2 + 10*a - 9. Let o(b) = -5*p(b) + x(b). What is o(2)?
-20
Suppose -5*q = w + 481, 13*w - 15*w = -q + 929. Let t = w + 462. Let p(m) = 5*m + 13. Calculate p(t).
-7
Let g(l) be the second derivative of -7/2*l**2 + 113 + 1/6*l**3 - 2*l. What is g(11)?
4
Suppose 19*r + 38*r + 342 = 0. Let b(n) be the second derivative of n**3/6 - 4*n**2 - 21*n. What is b(r)?
-14
Let m(g) = -g + 2. Let v(k) = 99*k + 111. Let p be v(-1). Calculate m(p).
-10
Let t(k) = 9*k - 3*k - 6 - 20420*k**2 + 20421*k**2 - 2*k. What is t(0)?
-6
Let r = 3382 + -3368. Let d(a) = 2*a - 31. Give d(r).
-3
Let m(o) = -3*o**2 + 2*o - 1. Let v = -178 - -183. Let p be 74/4 + 1/(-2). Suppose -4*r - p = -v*f + 3, 2*r = f - 3. Determine m(r).
-2
Let l(n) = 7*n**3 - 2*n**2 - 9*n + 9. Let u be l(1). Let v(i) 